6
Let v(c) be the first derivative of -c**2/2 + c + 7. Suppose -4*q = -5 - 3. Let f(u) = -u + 2. Let j(w) = q*v(w) - 3*f(w). What is j(0)?
-4
Let w(c) = -c**3 - 2*c**2 + 3*c - 2. Let y be w(-3). Let f(s) = 6*s + 3. Calculate f(y).
-9
Let g(r) = -r**2 + 6*r + 7. Let a(d) = -6*d**2 + 31*d + 35. Let l(q) = -2*a(q) + 11*g(q). Calculate l(-5).
12
Let c(k) = 3*k**2 - 2*k + 1. Let w = -3 + 3. Suppose w = -3*l + l + 2. Give c(l).
2
Let f(r) be the first derivative of r**2 - 2*r - 11. Determine f(4).
6
Let g(b) = -5*b**2 - b. Let r(i) = i**2 - 2*i - 1. Let d be r(3). Let x = d + -3. Determine g(x).
-4
Suppose -12 = -0*a - 3*a. Let b be -2 - (0 + 0) - -7. Suppose r = -a*r + b*s - 20, -5*s - 20 = 5*r. Let x(u) = u**3 + 3*u**2 - 3*u - 2. Calculate x(r).
-6
Let p(y) = -y**3 - 2*y + 7 + 11*y**2 - 6*y**2 + 0*y**3. Let q = 9 + -4. Suppose h = 3*c - 4 - 0, 35 = 4*h + q*c. Determine p(h).
-3
Let d = 13 - 10. Let f(a) = -2*a**2 + 4*a + 1. Give f(d).
-5
Let k(l) = l + l - l - 6 + 0*l. Calculate k(5).
-1
Let q(h) = -3*h + 6. Let z = -4 + 7. Let o(v) = 0 - v**3 + z*v**2 - 2 + 3. Let m be o(2). What is q(m)?
-9
Let x = -38 + 44. Let j(z) = 5*z - 6. Let n(g) = -1. Let p(w) = -j(w) + 5*n(w). Let u(d) = 4*d. Let f(l) = -5*p(l) - 6*u(l). Calculate f(x).
1
Let s be 14/(-2)*(-1 - -2). Let t(f) = -f**2 - 5*f + 7. Calculate t(s).
-7
Let b(l) be the second derivative of -l**4/12 - l**3/3 + 3*l**2/2 - 2*l. Let z(m) = -4*m**2 - m. Let d be z(-1). Determine b(d).
0
Let v(j) = j**2 + 7*j + 4. Suppose -3*a - 4*t - 43 = 0, 2*a - 4*t + 83 = -a. Let q = 18 + a. Give v(q).
-8
Let n = -5 - -9. Let o(k) = n*k + 1 + k**2 + 3 + 0. Give o(-4).
4
Let h(o) = -o**3 - 3*o**2 + 2*o - 6. Let i be h(-4). Let l(d) = 15*d**2 + 5*d + 9. Let x(n) = -7*n**2 - 2*n - 4. Let u(c) = 4*l(c) + 9*x(c). Calculate u(i).
-8
Let j(w) = -4*w**2 - 2*w + 7. Let v(l) = -l**2 - l + 1. Let a(z) = j(z) - 3*v(z). Calculate a(-4).
-16
Let f(r) = 0 - 4 + 3. Let m(y) = y - 10. Let j(d) = -5*f(d) + m(d). Determine j(6).
1
Suppose 0 = -2*g + 2*r - 7*r + 1, 3*g - r + 7 = 0. Let z(m) = 5*m + 3. Calculate z(g).
-7
Suppose -31*u = -26*u - 25. Let w(t) be the first derivative of -t**3/3 + 7*t**2/2 - 2*t - 1. What is w(u)?
8
Let d(f) = -5*f**2 - 17*f + 21. Let r(z) = z**2 + 4*z - 5. Let l(b) = 2*d(b) + 9*r(b). Determine l(2).
-3
Let s(n) = n**2 + 4. Let z be s(0). Let l(c) = -5 - 1 - z + 5 - c. Let k = 4 + -8. Give l(k).
-1
Suppose 5*u - 9 = 3*u - 3*c, 4*u + 6 = 2*c. Suppose -4*x + x = u. Let w(g) = -g - 2*g + 2*g + 4. What is w(x)?
4
Suppose 14 - 2 = 4*k. Suppose -2 = -3*t - 2*j, 0*t + 4*t = -k*j + 1. Suppose -t*g = -g. Let b(q) = -q + 10. Determine b(g).
10
Let h = 20 - 14. Let m be (-1)/(-2*3/h). Let i(a) = -a + 1. Determine i(m).
0
Suppose 4*c = 5*u - 20, u + 5*c - 8 = -u. Let z(k) = u*k + 4 - 5*k + 0*k. What is z(-4)?
8
Let q(p) be the third derivative of 1/6*p**3 + 1/120*p**6 + 1/15*p**5 + 0*p + 0 + 3*p**2 + 0*p**4. What is q(-4)?
1
Let m(t) = t**2 + t - 4. Suppose -2*u - 2 = 3*s, 4*u - 8*u = -3*s + 22. Suppose s*a = -3*a. Let y be 2 - ((1 - -1) + a). Determine m(y).
-4
Let r be 2 + 0 + -2 + 1. Let o(t) = 3*t - 2. Let i(g) = -13*g + 9. Let f be 1/4 - (-14)/8. Let n(a) = f*i(a) + 9*o(a). Calculate n(r).
1
Let k(x) = 0 + 4*x - 5 - 4*x + x. Give k(0).
-5
Let z(w) = -w + 2. Let v be z(2). Suppose -2*b = -5*p - v*p + 10, 0 = -4*p + 3*b + 1. Let t(y) = -5 + p*y + 3 + 6. Determine t(-3).
-8
Let a(v) = -302*v - 5 + 607*v - 302*v. What is a(6)?
13
Suppose -4*a = -4*c - 3*a + 14, -c = -4*a - 11. Let d(h) = -h + h - 4 + c*h. Let g(m) = -m + 1. Let z(o) = 2*d(o) + 4*g(o). What is z(-3)?
-10
Let i(v) = -v**2 + 4*v + 5. Let k be (-5)/20 + (-98)/(-8). Suppose -o + k = 2*o. Give i(o).
5
Let o(n) = 3*n**2 - 3*n. Suppose 0 = 3*p + 9, 5*t + 1 + 1 = -4*p. Determine o(t).
6
Let x(k) = -3*k + 5. Let o be (0 + -1 - -3)*1. Suppose -o*q - 3 = -11. Determine x(q).
-7
Let x = 1 - 5. Let y = 3 + x. Let v(b) = -5*b**2 - 2*b - 1. Determine v(y).
-4
Let j = -16 - -10. Let n(w) be the third derivative of w**5/60 + w**4/6 - 4*w**3/3 - 10*w**2 - 2. Give n(j).
4
Let t(o) = o**3 - 5*o**2 + 2*o - 6. Let k be 5*((-2)/(-2))/(14/14). Calculate t(k).
4
Let d(j) = -j. Suppose 3*x - 3 = -0*x. Suppose -x = r + 2. Let g(n) = n**3 + 2*n**2 - 4*n - 1. Let k be g(r). Calculate d(k).
-2
Suppose i + 5*u + 17 = -0*i, 0 = 5*i + 5*u + 5. Let z(o) = -10*o**2 + 4*o - 16. Let v(f) = -2*f**2 + f - 3. Let d(y) = -16*v(y) + 3*z(y). Calculate d(i).
6
Let y(h) = -h**2 + 6*h - 1. Let z = 18 - -17. Suppose -5*a = -2*i - z + 2, 6 = -2*a - 4*i. Determine y(a).
4
Let x(u) = u + 3. Let j be x(4). Let c = j - 6. Let s(h) = -h**3 + h**2 - h + 1. Calculate s(c).
0
Let p(s) = -2*s**2 - 9*s - 1. Let x(w) = -w**2 - 5*w - 1. Let f(n) = 3*p(n) - 5*x(n). Let y = -303 - -301. Calculate f(y).
2
Let k(q) = -q - 6. Let z(p) = -2*p - 11. Let l(o) = 7*k(o) - 4*z(o). Determine l(4).
6
Let t(v) = -v**3 - 10*v**2 - 2*v + 7. Let a(c) = c**3 + 9*c**2 + 2*c - 6. Let h(u) = 7*a(u) + 6*t(u). Calculate h(-3).
-6
Let r(d) = -d**3 + 3*d**2 + 6*d - 6. Let b = 13 - 9. Let j(q) be the third derivative of -q**4/24 + 4*q**3/3 - q**2. Let k be j(b). Calculate r(k).
2
Let h(x) be the third derivative of -x**5/20 + x**4/12 - x**3/6 - x**2. Let s = 42 - 41. What is h(s)?
-2
Let s(h) = h**2 - h - 1. Let x be s(3). Let t(z) = -x + 5 - z**2 + 4*z. Calculate t(3).
3
Let z(i) = 6*i + 1. Suppose -j + 14 = 4*v, 2*v - 3*v + 2*j = 1. Let h(o) = o + 2. Let m be h(v). Suppose m*w - 5 = -0*w. What is z(w)?
7
Let r(v) = v + 4. Suppose 0 = 3*j - 20*j + 51. What is r(j)?
7
Let c(w) be the second derivative of -1/6*w**3 + w + 3*w**2 + 0. Let t be 2/(-5) - 27/(-5). What is c(t)?
1
Let x(v) = -v**3 + 5*v**2 - 2*v + 7. Let h(r) = -4*r**2 + 2. Let c be h(2). Let f = c + 19. Give x(f).
-3
Let z(v) = -5*v**3 - 2*v + 1. Let y be z(1). Let p = -5 - y. Suppose 0 = 2*w + 4*g, -g = w - 0*g + p. Let l(i) = i**3 + 3*i**2 + 3*i + 1. What is l(w)?
-1
Let c(y) = -3*y + 4. Let j(l) = l - 2. Let w(o) = 2*c(o) + 5*j(o). Suppose 1 = m + 6. Let t = 10 + m. What is w(t)?
-7
Let q(h) = -h - 5. Suppose c - 5*x = -6, 2*c - 6*c - x - 24 = 0. Give q(c).
1
Let m = 4 - 3. Let z = m - 2. Let f(u) = 9*u**2. Calculate f(z).
9
Let u(w) = -21*w - 3*w**2 + 2*w**2 - 1 + 22*w. Give u(1).
-1
Let j(y) = 4*y**3 + 10*y**2 + 5*y + 3. Let o(c) = c**3 + c**2 - c. Let f(g) = j(g) - 3*o(g). What is f(-6)?
-9
Let s(y) = 11*y. Let x(a) = 3*a**3 - a**2 + 2*a - 1. Let c be x(1). Let j be 1 + 1 + (-9)/c. What is s(j)?
-11
Let f(o) be the second derivative of o**4/6 - o**3/2 - o**2 - 11*o. What is f(-2)?
12
Let p(f) = -f**3 + 2*f**2 + 4*f - 1. Let y be 32/(-20)*5*(-1)/2. Calculate p(y).
-17
Suppose 4*o - 5 = -o. Let k(t) = -4 + o + 3 - 2 + 3*t. Let x = 8 + -5. What is k(x)?
7
Suppose 0 = 9*c + 1 + 17. Let f(s) = -2*s**3 - 2*s**2 + 3*s + 3. What is f(c)?
5
Let b(l) = l**3 - l**2. Let j(y) = -3*y**3 + 3*y**2 - 3*y + 3. Suppose -4*k + 4*c - 19 = 17, -5*k - 2*c - 10 = 0. Let v(q) = k*b(q) - j(q). Give v(3).
-12
Let i(p) = -23*p**3 - 32*p**3 - 7 - 4*p + 6*p**2 - 24*p**3 + 78*p**3. Calculate i(5).
-2
Suppose -3*p + 15 = 5*i, -9*p = -5*p + 5*i - 15. Let y(d) be the second derivative of -1/12*d**4 + 2*d + p + d**2 + 1/6*d**3. Give y(3).
-4
Let s(g) = 3*g**3 - 2*g + 0 - 1 - 8*g**2 + 7*g**2. Let l = -8 + 6. Let a be (2/(-4))/(l/(-4)). Determine s(a).
-3
Let f(q) = q**2 - 2*q - 2. Suppose -z + 18 = -2*h, 0 = 3*z - 4*h - h - 49. Suppose -o = 2*u - 4 - z, 2*u - 3*o = 4. What is f(u)?
13
Let r = -2 + 6. Suppose -m - 14 = -r*s, 0*s - 2 = -s. Let g(d) = -d + 2. What is g(m)?
8
Let i(z) be the third derivative of z**4/24 + 7*z**3/6 + 8*z**2. What is i(0)?
7
Let q = -6 - -7. Let m(l) = -q + 6 - 4 + 6*l. What is m(-1)?
-5
Let r(y) = 2*y**2 - 1. Suppose -5*u + 17 = x, 4*u - 8 = x + x. Calculate r(x).
7
Let j(m) = -m**3 - 6*m**2 + 6*m - 4. Let p be 2/1 + -3*3. Let i be j(p). Let u(s) = s + 2. What is u(i)?
5
Suppose -7 = -l - 4*m, -l + 3 = 3*m - 3. Let y(x) = 0*x - l*x**2 - 7 + 4*x + 4*x**2. Calculate y(-5).
-2
Let i(h) = 6*h - 1. Suppose 4*p + 3 = p. Calculate i(p).
-7
Let l(c) = -c**2 + 2*c - 4. Let q(k) = -2*k**2 + 12. Let g(x) = 3*x**2 - x - 13. Let f(d) = -4*g(d) - 5*q(d). Let a(s) = -3*f(s) + 5*l(s). What is a(4)?
12
Let a(j) = 6*j**3 + 2*j + 1. Suppose -2*f + f + 15 = 0. Suppose -x = 3*g - f, 2*g + 